se 4
-111
What is 316 (base 7) in base 6?
424
What is 110 (base 2) in base 5?
11
What is 2 (base 13) in base 3?
2
Convert 49 (base 13) to base 7.
115
0 (base 7) to base 8
0
What is 57 (base 11) in base 12?
52
What is -64 (base 12) in base 8?
-114
What is -8 (base 9) in base 8?
-10
-2 (base 15) to base 3
-2
What is 2 (base 10) in base 16?
2
Convert -7 (base 9) to base 6.
-11
Convert 22 (base 3) to base 6.
12
Convert 13 (base 14) to base 16.
11
1011101 (base 2) to base 13
72
Convert -9 (base 15) to base 16.
-9
Convert 10 (base 4) to base 2.
100
What is -1 (base 2) in base 4?
-1
-233 (base 6) to base 15
-63
What is -6 (base 7) in base 15?
-6
Convert -7 (base 15) to base 12.
-7
4 (base 14) to base 12
4
-324 (base 9) to base 10
-265
What is 7 (base 16) in base 14?
7
403 (base 8) to base 13
16c
What is -2 (base 14) in base 12?
-2
Convert 82 (base 14) to base 2.
1110010
Convert -3 (base 7) to base 13.
-3
What is 110 (base 2) in base 16?
6
Convert -41 (base 9) to base 3.
-1101
What is 3 (base 8) in base 2?
11
What is 2 (base 3) in base 14?
2
4b (base 16) to base 7
135
Convert -3 (base 10) to base 14.
-3
Convert -12 (base 4) to base 14.
-6
Convert 30 (base 12) to base 13.
2a
Convert -416 (base 7) to base 16.
-d1
What is 13 (base 10) in base 4?
31
Convert -103 (base 8) to base 7.
-124
Convert -3 (base 10) to base 11.
-3
Convert 9 (base 15) to base 4.
21
What is 17 (base 13) in base 3?
202
-2 (base 14) to base 10
-2
What is 2 (base 12) in base 6?
2
What is 12 (base 10) in base 5?
22
1000 (base 2) to base 15
8
Convert 0 (base 8) to base 13.
0
Convert -3 (base 8) to base 10.
-3
1 (base 12) to base 3
1
Convert -133 (base 9) to base 13.
-87
Convert -13 (base 16) to base 6.
-31
What is 54 (base 10) in base 8?
66
What is -bd (base 14) in base 7?
-326
What is 132 (base 7) in base 12?
60
Convert d (base 14) to base 7.
16
What is 101 (base 5) in base 9?
28
What is 3 (base 5) in base 13?
3
-1011 (base 4) to base 16
-45
-2444 (base 5) to base 6
-1422
What is -a6 (base 15) in base 8?
-234
-26 (base 9) to base 2
-11000
What is 73 (base 10) in base 14?
53
-1 (base 16) to base 15
-1
Convert -1 (base 15) to base 11.
-1
-8 (base 16) to base 9
-8
Convert -23 (base 16) to base 6.
-55
5 (base 7) to base 9
5
110001 (base 2) to base 3
1211
What is -15 (base 7) in base 6?
-20
What is -11 (base 12) in base 2?
-1101
Convert -85 (base 12) to base 6.
-245
Convert -3 (base 12) to base 15.
-3
What is -2 (base 12) in base 5?
-2
4 (base 16) to base 6
4
What is 81 (base 12) in base 16?
61
-59 (base 13) to base 12
-62
14 (base 7) to base 9
12
What is 1e (base 16) in base 14?
22
1 (base 2) to base 14
1
What is 101011 (base 2) in base 6?
111
11 (base 13) to base 10
14
What is -2201 (base 3) in base 4?
-1021
Convert 5 (base 16) to base 5.
10
Convert 28 (base 13) to base 14.
26
What is -130 (base 8) in base 7?
-154
Convert -1010111 (base 2) to base 3.
-10020
What is 0 (base 10) in base 7?
0
What is 13 (base 7) in base 2?
1010
What is -32 (base 5) in base 12?
-15
What is 21 (base 11) in base 12?
1b
-74 (base 16) to base 11
-a6
What is 151 (base 12) in base 15?
da
What is 0 (base 13) in base 3?
0
-21 (base 16) to base 2
-100001
-a4 (base 14) to base 12
-100
What is 12 (base 6) in base 9?
8
-243 (base 5) to base 4
-1021
Convert -111 (base 6) to base 11.
-3a
2 (base 10) to base 9
2
Convert -1 (base 12) to base 3.
-1
What is -132 (base 11) in base 2?
-10011100
-14 (base 10) to base 6
-22
Convert -305 (base 7) to base 13.
-b9
What is 7 (base 14) in base 3?
21
What is -10 (base 2) in base 9?
-2
What is a (base 16) in base 8?
12
100000 (base 3) to base 8
363
-1 (base 3) to base 5
-1
Convert -134 (base 6) to base 12.
-4a
10010 (base 2) to base 8
22
Convert -d (base 14) to base 6.
-21
Convert a (base 14) to base 13.
a
What is 2 (base 5) in base 7?
2
What is 18 (base 11) in base 2?
10011
1 (base 5) to base 3
1
1232 (base 5) to base 9
233
What is -31 (base 15) in base 16?
-2e
-1 (base 5) to base 4
-1
What is 0 (base 15) in base 14?
0
What is 11000 (base 2) in base 3?
220
What is 14 (base 10) in base 4?
32
-210 (base 5) to base 9
-61
3 (base 16) to base 6
3
-3 (base 8) to base 2
-11
-22 (base 3) to base 16
-8
Convert -20 (base 9) to base 11.
-17
What is 1b (base 16) in base 11?
25
Convert -3 (base 4) to base 14.
-3
-51 (base 6) to base 5
-111
-2 (base 6) to base 3
-2
Convert -3 (base 5) to base 15.
-3
Convert 12 (base 15) to base 11.
16
What is -7 (base 12) in base 14?
-7
Convert 3 (base 11) to base 8.
3
33 (base 16) to base 3
1220
Convert -287 (base 10) to base 7.
-560
What is -116 (base 13) in base 8?
-274
What is -206 (base 7) in base 14?
-76
What is -201 (base 3) in base 7?
-25
-1 (base 13) to base 12
-1
-10110 (base 2) to base 4
-112
6 (base 14) to base 4
12
-34 (base 5) to base 13
-16
What is 1021 (base 4) in base 12?
61
What is -b (base 14) in base 11?
-10
Convert -4 (base 15) to base 13.
-4
Convert -240 (base 7) to base 10.
-126
What is 1 (base 10) in base 3?
1
What is 2 (base 8) in base 4?
2
Convert 4 (base 8) to base 10.
4
What is 400 (base 6) in base 12?
100
Convert 0 (base 11) to base 5.
0
11201 (base 3) to base 12
a7
Convert 1203 (base 4) to base 10.
99
Convert 21 (base 9) to base 6.
31
What is 103 (base 5) in base 7?
40
Convert -5 (base 6) to base 13.
-5
Convert 0 (base 2) to base 15.
0
What is -1100110 (base 2) in base 8?
-146
What is 7 (base 8) in base 16?
7
Convert -40 (base 13) to base 7.
-103
What is 110 (base 6) in base 13?
33
1 (base 9) to base 14
1
What is -1c (base 15) in base 2?
-11011
What is 20 (base 7) in base 11?
13
-23 (base 16) to base 14
-27
-2 (base 7) to base 12
-2
-2 (base 7) to base 16
-2
-7 (base 14) to base 15
-7
Convert 47 (base 14) to base 15.
43
Convert 2 (base 10) to base 9.
2
1 (base 7) to base 10
1
13 (base 9) to base 7
15
Convert 3 (base 14) to base 7.
3
What is -11 (base 2) in base 13?
-3
Convert -ae (base 15) to base 13.
-c8
Convert 51 (base 16) to base 13.
63
-1 (base 2) to base 3
-1
-3 (base 6) to base 4
-3
19 (base 12) to base 16
15
Convert a (base 15) to base 7.
13
What is -1 (base 13) in base 16?
-1
What is -10 (base 3) in base 2?
-11
0 (base 16) to base 7
0
What is 112 (base 3) in base 12?
12
What is -a (base 11) in base 6?
-14
-3 (base 14) to base 7
-3
5 (base 13) to base 10
5
What is 8a (base 11) in base 16?
62
4 (base 9) to base 4
10
Convert 5b (base 12) to base 4.
1013
-100101 (base 2) to base 8
-45
Convert -97 (base 15) to base 5.
-1032
What is a3 (base 13) in base 12?
b1
What is 75 (base 11) in base 13?
64
Convert 9c (base 14) to base 5.
1023
e (base 16) to base 10
14
0 (base 9) to base 2
0
What is 21 (base 6) in base 16?
d
-ac (base 16) to base 12
-124
Convert 1 (base 7) to base 3.
1
Convert 14 (base 5) to base 14.
9
55 (base 15) to base 16
50
55 (base 12) to base 2
1000001
-1b (base 14) to base 13
-1c
3 (base 11) to base 8
3
What is -8 (base 10) in base 11?
-8
What is 18 (base 9) in base 16?
11
Convert -6a (base 13) to base 3.
-10021
What is 0 (base 10) in base 11?
0
Convert -2 (base 11) to base 16.
-2
What is 3 (base 11) in base 12?
3
-2 (base 10) to base 4
-2
Convert 3 (base 6) to base 7.
3
-17 (base 14) to base 13
-18
What is -8 (base 9) in base 11?
-8
1000 (base 2) to base 10
8
-8 (base 12) to base 16
-8
What is -108 (base 12) in base 16?
-98
-220 (base 3) to base 8
-30
Convert 2 (base 10) to base 7.
2
-2 (base 16) to base 4
-2
-12 (base 11) to base 6
-21
39 (base 13) to base 6
120
What is 637 (base 8) in base 4?
12133
-100 (base 3) to base 2
-1001
-58 (base 12) to base 16
-44
Convert 0 (base 13) to base 7.
0
What is 2102 (base 4) in base 10?
146
Convert 2 (base 8) to base 16.
2
Convert 21120 (base 3) to base 10.
204
What is -11 (base 15) in base 12?
-14
-34 (base 5) to base 12
-17
-d (base 15) to base 8
-15
What is 1 (base 8) in base 7?
1
Convert 0 (base 11) to base 4.
0
-2 (base 4) to base 8
-2
What is -a6 (base 15) in base 9?
-183
What is 45 (base 13) in base 4?
321
What is -3 (base 6) in base 5?
-3
400 (base 10) to base 12
294
Convert 1 (base 9) to base 8.
1
What is 0 (base 5) in base 9?
0
What is -70 (base 8) in base 12?
-48
What is 2 (base 16) in base 15?
2
What is 442 (base 8) in base 16?
122
Convert 20 (base 6) to base 11.
11
Convert 20 (base 3) to base 12.
6
What is 1233 (base 4) in base 15?
76
What is -1330 (base 4) in base 1